[INFO] cloning repository https://github.com/duncandean/rust-genetic-algorithm
[INFO] running `Command { std: "git" "-c" "credential.helper=" "-c" "credential.helper=/workspace/cargo-home/bin/git-credential-null" "clone" "--bare" "https://github.com/duncandean/rust-genetic-algorithm" "/workspace/cache/git-repos/https%3A%2F%2Fgithub.com%2Fduncandean%2Frust-genetic-algorithm", kill_on_drop: false }`
[INFO] [stderr] Cloning into bare repository '/workspace/cache/git-repos/https%3A%2F%2Fgithub.com%2Fduncandean%2Frust-genetic-algorithm'...
[INFO] running `Command { std: "git" "rev-parse" "HEAD", kill_on_drop: false }`
[INFO] [stdout] e49137d9731118d520ef1cd305b89bfa5c5caabe
[INFO] checking duncandean/rust-genetic-algorithm against master#af3c6e733a40e671550e0f0f5aeecaa13772ba56 for pr-74989
[INFO] running `Command { std: "git" "clone" "/workspace/cache/git-repos/https%3A%2F%2Fgithub.com%2Fduncandean%2Frust-genetic-algorithm" "/workspace/builds/worker-8/source", kill_on_drop: false }`
[INFO] [stderr] Cloning into '/workspace/builds/worker-8/source'...
[INFO] [stderr] done.
[INFO] validating manifest of git repo https://github.com/duncandean/rust-genetic-algorithm on toolchain af3c6e733a40e671550e0f0f5aeecaa13772ba56
[INFO] running `Command { std: "/workspace/cargo-home/bin/cargo" "+af3c6e733a40e671550e0f0f5aeecaa13772ba56" "read-manifest" "--manifest-path" "Cargo.toml", kill_on_drop: false }`
[INFO] started tweaking git repo https://github.com/duncandean/rust-genetic-algorithm
[INFO] finished tweaking git repo https://github.com/duncandean/rust-genetic-algorithm
[INFO] tweaked toml for git repo https://github.com/duncandean/rust-genetic-algorithm written to /workspace/builds/worker-8/source/Cargo.toml
[INFO] crate git repo https://github.com/duncandean/rust-genetic-algorithm already has a lockfile, it will not be regenerated
[INFO] running `Command { std: "/workspace/cargo-home/bin/cargo" "+af3c6e733a40e671550e0f0f5aeecaa13772ba56" "fetch" "--locked" "--manifest-path" "Cargo.toml", kill_on_drop: false }`
[INFO] [stderr]     Blocking waiting for file lock on package cache
[INFO] running `Command { std: "docker" "create" "-v" "/var/lib/crater-agent-workspace/builds/worker-8/target:/opt/rustwide/target:rw,Z" "-v" "/var/lib/crater-agent-workspace/builds/worker-8/source:/opt/rustwide/workdir:ro,Z" "-v" "/var/lib/crater-agent-workspace/cargo-home:/opt/rustwide/cargo-home:ro,Z" "-v" "/var/lib/crater-agent-workspace/rustup-home:/opt/rustwide/rustup-home:ro,Z" "-e" "SOURCE_DIR=/opt/rustwide/workdir" "-e" "CARGO_TARGET_DIR=/opt/rustwide/target" "-e" "CARGO_HOME=/opt/rustwide/cargo-home" "-e" "RUSTUP_HOME=/opt/rustwide/rustup-home" "-w" "/opt/rustwide/workdir" "-m" "1610612736" "--user" "0:0" "--network" "none" "rustops/crates-build-env@sha256:d92eaeed33fa75130ca1ee6c8a01d1ffb62bac859dfdfb3450e3e5d1c0146529" "/opt/rustwide/cargo-home/bin/cargo" "+af3c6e733a40e671550e0f0f5aeecaa13772ba56" "metadata" "--no-deps" "--format-version=1", kill_on_drop: false }`
[INFO] [stdout] 4bd46de8882cb037ee5da20eff773817f355310cdb2352d7c35773e45c78630f
[INFO] [stderr] WARNING: Your kernel does not support swap limit capabilities or the cgroup is not mounted. Memory limited without swap.
[INFO] running `Command { std: "docker" "start" "-a" "4bd46de8882cb037ee5da20eff773817f355310cdb2352d7c35773e45c78630f", kill_on_drop: false }`
[INFO] running `Command { std: "docker" "inspect" "4bd46de8882cb037ee5da20eff773817f355310cdb2352d7c35773e45c78630f", kill_on_drop: false }`
[INFO] running `Command { std: "docker" "rm" "-f" "4bd46de8882cb037ee5da20eff773817f355310cdb2352d7c35773e45c78630f", kill_on_drop: false }`
[INFO] [stdout] 4bd46de8882cb037ee5da20eff773817f355310cdb2352d7c35773e45c78630f
[INFO] running `Command { std: "docker" "create" "-v" "/var/lib/crater-agent-workspace/builds/worker-8/target:/opt/rustwide/target:rw,Z" "-v" "/var/lib/crater-agent-workspace/builds/worker-8/source:/opt/rustwide/workdir:ro,Z" "-v" "/var/lib/crater-agent-workspace/cargo-home:/opt/rustwide/cargo-home:ro,Z" "-v" "/var/lib/crater-agent-workspace/rustup-home:/opt/rustwide/rustup-home:ro,Z" "-e" "SOURCE_DIR=/opt/rustwide/workdir" "-e" "CARGO_TARGET_DIR=/opt/rustwide/target" "-e" "CARGO_INCREMENTAL=0" "-e" "RUST_BACKTRACE=full" "-e" "RUSTFLAGS=--cap-lints=forbid" "-e" "CARGO_HOME=/opt/rustwide/cargo-home" "-e" "RUSTUP_HOME=/opt/rustwide/rustup-home" "-w" "/opt/rustwide/workdir" "-m" "1610612736" "--user" "0:0" "--network" "none" "rustops/crates-build-env@sha256:d92eaeed33fa75130ca1ee6c8a01d1ffb62bac859dfdfb3450e3e5d1c0146529" "/opt/rustwide/cargo-home/bin/cargo" "+af3c6e733a40e671550e0f0f5aeecaa13772ba56" "check" "--frozen" "--all" "--all-targets" "--message-format=json", kill_on_drop: false }`
[INFO] [stderr] WARNING: Your kernel does not support swap limit capabilities or the cgroup is not mounted. Memory limited without swap.
[INFO] [stdout] 3bca03116d947896356fb68e42fa381dbf171950b75dcf440c14cf39c038becc
[INFO] running `Command { std: "docker" "start" "-a" "3bca03116d947896356fb68e42fa381dbf171950b75dcf440c14cf39c038becc", kill_on_drop: false }`
[INFO] [stderr]    Compiling num-traits v0.2.6
[INFO] [stderr]    Compiling num-bigint v0.2.0
[INFO] [stderr]    Compiling num-rational v0.2.1
[INFO] [stderr]    Compiling num-iter v0.1.37
[INFO] [stderr]    Compiling num-complex v0.2.0
[INFO] [stderr]     Checking libc v0.2.2
[INFO] [stderr]     Checking time v0.1.40
[INFO] [stderr]     Checking rand v0.5.5
[INFO] [stderr]     Checking num-integer v0.1.39
[INFO] [stderr]     Checking num v0.2.0
[INFO] [stderr]     Checking evolution v0.1.0 (/opt/rustwide/workdir)
[INFO] [stdout] error: expected `,`, or `}`, found `[`
[INFO] [stdout]   --> src/lib.rs:30:19
[INFO] [stdout]    |
[INFO] [stdout] 30 |     permutables: T[],
[INFO] [stdout]    |                   ^
[INFO] [stdout] 
[INFO] [stdout] 
[INFO] [stdout] error: expected `,`, or `}`, found `[`
[INFO] [stdout]   --> src/lib.rs:30:19
[INFO] [stdout]    |
[INFO] [stdout] 30 |     permutables: T[],
[INFO] [stdout]    |                   ^
[INFO] [stdout] 
[INFO] [stdout] 
[INFO] [stdout] error[E0428]: the name `Chromosome` is defined multiple times
[INFO] [stdout]   --> src/lib.rs:98:1
[INFO] [stdout]    |
[INFO] [stdout] 29 | pub struct Chromosome<T> {
[INFO] [stdout]    | ------------------------ previous definition of the type `Chromosome` here
[INFO] [stdout] ...
[INFO] [stdout] 98 | struct Chromosome {
[INFO] [stdout]    | ^^^^^^^^^^^^^^^^^ `Chromosome` redefined here
[INFO] [stdout]    |
[INFO] [stdout]    = note: `Chromosome` must be defined only once in the type namespace of this module
[INFO] [stdout] 
[INFO] [stdout] 
[INFO] [stdout] error[E0428]: the name `Chromosome` is defined multiple times
[INFO] [stdout]   --> src/lib.rs:98:1
[INFO] [stdout]    |
[INFO] [stdout] 29 | pub struct Chromosome<T> {
[INFO] [stdout]    | ------------------------ previous definition of the type `Chromosome` here
[INFO] [stdout] ...
[INFO] [stdout] 98 | struct Chromosome {
[INFO] [stdout]    | ^^^^^^^^^^^^^^^^^ `Chromosome` redefined here
[INFO] [stdout]    |
[INFO] [stdout]    = note: `Chromosome` must be defined only once in the type namespace of this module
[INFO] [stdout] 
[INFO] [stdout] 
[INFO] [stdout] error[E0412]: cannot find type `T` in this scope
[INFO] [stdout]   --> src/lib.rs:36:17
[INFO] [stdout]    |
[INFO] [stdout] 36 | impl Chromosome<T> {
[INFO] [stdout]    |                 ^ not found in this scope
[INFO] [stdout] 
[INFO] [stdout] 
[INFO] [stdout] error[E0107]: wrong number of type arguments: expected 1, found 0
[INFO] [stdout]   --> src/lib.rs:97:10
[INFO] [stdout]    |
[INFO] [stdout] 97 | #[derive(Clone)]
[INFO] [stdout]    |          ^^^^^ expected 1 type argument
[INFO] [stdout]    |
[INFO] [stdout]    = note: this error originates in a derive macro (in Nightly builds, run with -Z macro-backtrace for more info)
[INFO] [stdout] 
[INFO] [stdout] 
[INFO] [stdout] error[E0107]: wrong number of type arguments: expected 1, found 0
[INFO] [stdout]   --> src/lib.rs:66:92
[INFO] [stdout]    |
[INFO] [stdout] 66 | fn crossover(chrome1: Chromosome, chrome2: Chromosome, cross_prob: f32, solution: &str) -> Chromosome {
[INFO] [stdout]    |                                                                                            ^^^^^^^^^^ expected 1 type argument
[INFO] [stdout] 
[INFO] [stdout] 
[INFO] [stdout] error[E0107]: wrong number of type arguments: expected 1, found 0
[INFO] [stdout]   --> src/lib.rs:66:23
[INFO] [stdout]    |
[INFO] [stdout] 66 | fn crossover(chrome1: Chromosome, chrome2: Chromosome, cross_prob: f32, solution: &str) -> Chromosome {
[INFO] [stdout]    |                       ^^^^^^^^^^ expected 1 type argument
[INFO] [stdout] 
[INFO] [stdout] 
[INFO] [stdout] error[E0107]: wrong number of type arguments: expected 1, found 0
[INFO] [stdout]   --> src/lib.rs:66:44
[INFO] [stdout]    |
[INFO] [stdout] 66 | fn crossover(chrome1: Chromosome, chrome2: Chromosome, cross_prob: f32, solution: &str) -> Chromosome {
[INFO] [stdout]    |                                            ^^^^^^^^^^ expected 1 type argument
[INFO] [stdout] 
[INFO] [stdout] 
[INFO] [stdout] error[E0107]: wrong number of type arguments: expected 1, found 0
[INFO] [stdout]    --> src/lib.rs:104:6
[INFO] [stdout]     |
[INFO] [stdout] 104 | impl Chromosome {
[INFO] [stdout]     |      ^^^^^^^^^^ expected 1 type argument
[INFO] [stdout] 
[INFO] [stdout] 
[INFO] [stdout] error[E0107]: wrong number of type arguments: expected 1, found 0
[INFO] [stdout]    --> src/lib.rs:105:33
[INFO] [stdout]     |
[INFO] [stdout] 105 |     fn new(solution: String) -> Chromosome {
[INFO] [stdout]     |                                 ^^^^^^^^^^ expected 1 type argument
[INFO] [stdout] 
[INFO] [stdout] 
[INFO] [stdout] error[E0107]: wrong number of type arguments: expected 1, found 0
[INFO] [stdout]    --> src/lib.rs:114:43
[INFO] [stdout]     |
[INFO] [stdout] 114 |     fn mutate(&mut self, mut_prob:f64) -> Chromosome {
[INFO] [stdout]     |                                           ^^^^^^^^^^ expected 1 type argument
[INFO] [stdout] 
[INFO] [stdout] 
[INFO] [stdout] error: aborting due to 10 previous errors
[INFO] [stdout] 
[INFO] [stdout] 
[INFO] [stdout] Some errors have detailed explanations: E0107, E0412, E0428.
[INFO] [stdout] 
[INFO] [stdout] For more information about an error, try `rustc --explain E0107`.
[INFO] [stdout] 
[INFO] [stderr] error: could not compile `evolution`.
[INFO] [stderr] 
[INFO] [stderr] To learn more, run the command again with --verbose.
[INFO] [stderr] warning: build failed, waiting for other jobs to finish...
[INFO] [stdout] error[E0412]: cannot find type `T` in this scope
[INFO] [stdout]   --> src/lib.rs:36:17
[INFO] [stdout]    |
[INFO] [stdout] 36 | impl Chromosome<T> {
[INFO] [stdout]    |                 ^ not found in this scope
[INFO] [stdout] 
[INFO] [stdout] 
[INFO] [stdout] error[E0107]: wrong number of type arguments: expected 1, found 0
[INFO] [stdout]   --> src/lib.rs:97:10
[INFO] [stdout]    |
[INFO] [stdout] 97 | #[derive(Clone)]
[INFO] [stdout]    |          ^^^^^ expected 1 type argument
[INFO] [stdout]    |
[INFO] [stdout]    = note: this error originates in a derive macro (in Nightly builds, run with -Z macro-backtrace for more info)
[INFO] [stdout] 
[INFO] [stdout] 
[INFO] [stdout] error[E0107]: wrong number of type arguments: expected 1, found 0
[INFO] [stdout]   --> src/lib.rs:66:92
[INFO] [stdout]    |
[INFO] [stdout] 66 | fn crossover(chrome1: Chromosome, chrome2: Chromosome, cross_prob: f32, solution: &str) -> Chromosome {
[INFO] [stdout]    |                                                                                            ^^^^^^^^^^ expected 1 type argument
[INFO] [stdout] 
[INFO] [stdout] 
[INFO] [stdout] error[E0107]: wrong number of type arguments: expected 1, found 0
[INFO] [stdout]   --> src/lib.rs:66:23
[INFO] [stdout]    |
[INFO] [stdout] 66 | fn crossover(chrome1: Chromosome, chrome2: Chromosome, cross_prob: f32, solution: &str) -> Chromosome {
[INFO] [stdout]    |                       ^^^^^^^^^^ expected 1 type argument
[INFO] [stdout] 
[INFO] [stdout] 
[INFO] [stdout] error[E0107]: wrong number of type arguments: expected 1, found 0
[INFO] [stdout]   --> src/lib.rs:66:44
[INFO] [stdout]    |
[INFO] [stdout] 66 | fn crossover(chrome1: Chromosome, chrome2: Chromosome, cross_prob: f32, solution: &str) -> Chromosome {
[INFO] [stdout]    |                                            ^^^^^^^^^^ expected 1 type argument
[INFO] [stdout] 
[INFO] [stdout] 
[INFO] [stdout] error[E0107]: wrong number of type arguments: expected 1, found 0
[INFO] [stdout]    --> src/lib.rs:104:6
[INFO] [stdout]     |
[INFO] [stdout] 104 | impl Chromosome {
[INFO] [stdout]     |      ^^^^^^^^^^ expected 1 type argument
[INFO] [stdout] 
[INFO] [stdout] 
[INFO] [stdout] error[E0107]: wrong number of type arguments: expected 1, found 0
[INFO] [stdout]    --> src/lib.rs:105:33
[INFO] [stdout]     |
[INFO] [stdout] 105 |     fn new(solution: String) -> Chromosome {
[INFO] [stdout]     |                                 ^^^^^^^^^^ expected 1 type argument
[INFO] [stdout] 
[INFO] [stdout] 
[INFO] [stdout] error[E0107]: wrong number of type arguments: expected 1, found 0
[INFO] [stdout]    --> src/lib.rs:114:43
[INFO] [stdout]     |
[INFO] [stdout] 114 |     fn mutate(&mut self, mut_prob:f64) -> Chromosome {
[INFO] [stdout]     |                                           ^^^^^^^^^^ expected 1 type argument
[INFO] [stdout] 
[INFO] [stdout] 
[INFO] [stdout] error: aborting due to 10 previous errors
[INFO] [stdout] 
[INFO] [stdout] 
[INFO] [stdout] Some errors have detailed explanations: E0107, E0412, E0428.
[INFO] [stdout] 
[INFO] [stdout] For more information about an error, try `rustc --explain E0107`.
[INFO] [stdout] 
[INFO] [stderr] error: build failed
[INFO] running `Command { std: "docker" "inspect" "3bca03116d947896356fb68e42fa381dbf171950b75dcf440c14cf39c038becc", kill_on_drop: false }`
[INFO] running `Command { std: "docker" "rm" "-f" "3bca03116d947896356fb68e42fa381dbf171950b75dcf440c14cf39c038becc", kill_on_drop: false }`
[INFO] [stdout] 3bca03116d947896356fb68e42fa381dbf171950b75dcf440c14cf39c038becc
